 2*p + 8. Determine q(-8).
-40
Let s(a) = 13*a**3 - 4*a**2 - 28*a - 83. What is s(-3)?
-386
Let r(p) = -2*p**3 - 37*p**2 - 48*p + 42. Calculate r(-17).
-9
Let i(p) = p**3 + 2*p**2 - 28*p - 20. Calculate i(-6).
4
Let v(d) = -130*d - 273. Determine v(-2).
-13
Let h(p) = -2*p**2 - 257*p + 1511. Determine h(6).
-103
Let l(r) = -4*r**3 - 31*r**2 - 6*r + 3. What is l(-8)?
115
Let w(j) = 499*j + 5333. Calculate w(-10).
343
Let z(b) = 4*b**3 - 34*b**2 + 16*b + 10. What is z(8)?
10
Let k(a) = -24*a + 300. What is k(13)?
-12
Let f(t) = 3*t**2 + 90*t + 144. Give f(-24).
-288
Let h(w) = -w**3 - 13*w**2 - 19*w + 126. What is h(-10)?
16
Let v(w) = 2*w**2 - 46*w + 12. Give v(3).
-108
Let t(f) = -19*f**2 - 184*f + 6. Give t(-8).
262
Let j(i) = -49*i**2 + 13*i - 27. Determine j(2).
-197
Let o(x) = -3*x**2 + 62*x + 366. Determine o(-5).
-19
Let s(m) = -4*m - 190. Determine s(-31).
-66
Let s(w) = w**3 - 37*w**2 - 42*w + 169. Give s(38).
17
Let l(c) = 1120*c - 26888. What is l(24)?
-8
Let j(o) = 101*o**2 + 1012*o + 14. Calculate j(-10).
-6
Let b(s) = 5*s**2 + 62*s - 64. What is b(-16)?
224
Let y(b) = -b**3 + 15*b**2 - 34*b - 33. Determine y(4).
7
Let b(i) = i**2 - 197*i + 9177. Calculate b(79).
-145
Let a(f) = -2*f**3 - 5*f**2 - 8*f - 19. What is a(-4)?
61
Let w(p) = p**3 + 22*p**2 + 116*p + 17. Calculate w(-8).
-15
Let f(i) = -181*i + 39. What is f(-3)?
582
Let f(q) = 2*q**3 + 62*q**2 - 251*q - 56. Determine f(4).
60
Let n(k) = k + 29. Calculate n(12).
41
Let y(c) = c**3 - 123*c**2 + 504*c - 46607. Calculate y(122).
-3
Let u(i) = -2*i**3 - 13*i**2 + 2*i + 7. Determine u(-7).
42
Let u(x) = -x**3 + 66*x**2 - 8*x + 515. What is u(66)?
-13
Let q(b) = 4*b**3 - 7*b**2 + 57*b + 58. Calculate q(6).
1012
Let s(x) = 3*x**2 - 14*x - 305. What is s(-8)?
-1
Let z(o) = -o**3 + 3*o**2 + 18*o - 60. Determine z(4).
-4
Let l(n) = -3*n**3 + 67*n**2 - 27*n + 1670. Determine l(23).
-9
Let y(g) = 69*g**2 - 29*g - 64. Determine y(-2).
270
Let y(p) = 234*p**2 + 17*p - 9. What is y(-2)?
893
Let n(b) = b**3 + 46*b**2 + 174*b - 1277. What is n(-41)?
-6
Let x(b) = -3*b**2 - 69*b - 29. Determine x(-23).
-29
Let x(i) = -i**2 + 30*i - 38. What is x(10)?
162
Let l(s) = s**3 + 24*s**2 + 5*s + 113. Give l(-24).
-7
Let d(g) = 160*g - 391. What is d(-1)?
-551
Let v(r) = r**3 - 204*r**2 - 4240*r + 679. Determine v(223).
10
Let v(y) = -6*y**3 + y**2 - 695*y + 696. Determine v(1).
-4
Let t(l) = -l**3 + 196*l**2 + 984*l + 4229. Calculate t(201).
8
Let z(w) = 2*w**3 - 165*w**2 - 252*w - 75. What is z(84)?
-75
Let v(z) = -18*z**2 + 7*z - 2. Determine v(2).
-60
Let p(c) = 41*c - 2414. What is p(59)?
5
Let a(z) = z**2 + 12*z - 151. Give a(7).
-18
Let j(t) = -t**3 - 35*t**2 - 36*t - 105. What is j(-34)?
-37
Let h(a) = 37*a - 279. Calculate h(5).
-94
Let v(z) = -z**2 + 41*z + 169. Determine v(45).
-11
Let o(g) = -g**3 + 26*g**2 - 95*g - 1. What is o(4)?
-29
Let x(k) = 57*k - 396. Calculate x(7).
3
Let m(a) = 4*a**3 - a + 2. Determine m(3).
107
Let u(i) = -591*i + 1774. What is u(3)?
1
Let s(l) = 5501*l + 22026. What is s(-4)?
22
Let m(u) = 1074*u - 3238. Give m(3).
-16
Let s(q) = -30*q + 1048. Give s(42).
-212
Let s(i) = -37*i - 462. Calculate s(-12).
-18
Let h(s) = -s**2 - 11*s + 21. Give h(-26).
-369
Let i(a) = -9939*a - 89444. What is i(-9)?
7
Let p(n) = 16*n - 130. Give p(6).
-34
Let d(i) = 2*i**2 + 27*i + 80. Give d(-12).
44
Let h(w) = -w + 78. Determine h(82).
-4
Let x(c) = 27*c - 167. What is x(22)?
427
Let p(t) = t**3 - 45*t**2 - 142*t - 93. Determine p(48).
3
Let b(u) = -7*u**3 + u**2 + 271. What is b(0)?
271
Let i(y) = -54*y + 16457. Determine i(305).
-13
Let s(v) = -2*v**2 + 26*v + 7. Determine s(17).
-129
Let w(p) = 41*p - 564. What is w(14)?
10
Let q(i) = 20*i + 1417. Give q(-71).
-3
Let x(t) = -41*t - 1851. Calculate x(-45).
-6
Let q(m) = -5*m**2 + 51*m + 69. Determine q(13).
-113
Let q(l) = -579*l - 22005. What is q(-38)?
-3
Let f(q) = -q**2 - 79*q - 1158. Determine f(-60).
-18
Let f(t) = -1001*t + 4040. Give f(4).
36
Let x(q) = q**3 - 2*q**2 - 15*q - 53. Calculate x(6).
1
Let y(m) = 344*m + 5506. Determine y(-16).
2
Let r(a) = 116*a + 1658. Give r(-13).
150
Let u(g) = -21*g + 1986. What is u(95)?
-9
Let f(h) = -2*h**2 + 80*h + 633. Calculate f(47).
-25
Let n(t) = 540*t - 539. Determine n(1).
1
Let s(o) = -55*o - 291. Determine s(-4).
-71
Let k(d) = -400*d + 15977. What is k(40)?
-23
Let z(j) = -j + 30. Give z(-7).
37
Let k(a) = -371*a - 2222. Determine k(-6).
4
Let u(s) = -20*s**2 - 14*s - 10. What is u(-1)?
-16
Let f(y) = -3*y**2 - 84*y - 19. Calculate f(-28).
-19
Let h(l) = 23*l + 260. Calculate h(-7).
99
Let s(x) = x**3 - 10*x**2 - 2*x + 78. What is s(6)?
-78
Let n(j) = j**3 - 3*j**2 + 8*j - 160. Calculate n(6).
-4
Let p(m) = -2*m + 77. Calculate p(47).
-17
Let k(w) = 30*w - 531. Calculate k(24).
189
Let s(d) = -2*d**3 - 4*d**2 + 149*d - 66. What is s(9)?
-507
Let p(f) = f**3 - 90*f**2 + 1300*f - 53. What is p(18)?
19
Let q(k) = k**3 + 94*k**2 - 498*k - 297. What is q(-99)?
0
Let o(r) = r**2 - 12*r - 5. What is o(13)?
8
Let s(v) = 84*v - 171. Give s(3).
81
Let l(z) = -434*z + 3458. What is l(8)?
-14
Let m(p) = -149*p**2 - 3134*p - 108. Give m(-21).
-3
Let u(i) = -125*i + 5638. Determine u(45).
13
Let k(z) = -2*z**3 + 16*z**2 + 6*z - 18. Calculate k(7).
122
Let l(v) = -2*v**3 + 9*v**2 - 12*v - 17. Give l(4).
-49
Let f(b) = -33*b + 85. Determine f(2).
19
Let w(j) = 62*j**2 - 495*j - 1. What is w(8)?
7
Let o(d) = 437*d - 4800. Give o(11).
7
Let i(u) = -5*u**2 + 55*u + 27. What is i(11)?
27
Let l(r) = -8*r**3 - 2*r**2 + 5*r + 6. Calculate l(-1).
7
Let m(z) = z**2 - 15*z - 1245. Give m(-27).
-111
Let r(s) = 70*s**2 + 1240*s - 367. Calculate r(-18).
-7
Let l(r) = -r**3 - 21*r**2 + 37*r + 795. Give l(-21).
18
Let h(g) = -14*g**3 + 259*g**2 - 127*g + 12. Give h(18).
-6
Let h(x) = 150*x - 14695. Give h(98).
5
Let p(j) = j**2 + 3*j - 18. Give p(-11).
70
Let o(w) = 11*w**2 - 22*w - 341. Determine o(-5).
44
Let a(j) = -46*j**2 - 105*j - 2. Give a(-2).
24
Let d(b) = -b**3 + 31*b**2 - 29*b - 28. What is d(30)?
2
Let i(k) = -793*k - 5567. Give i(-7).
-16
Let z(j) = j**3 - 86*j**2 + 85*j + 56. Calculate z(85).
56
Let h(v) = 132*v + 961. Determine h(-7).
37
Let c(g) = 2*g**3 - 196*g**2 + 5*g - 504. Calculate c(98).
-14
Let g(m) = -m**3 + 15*m**2 - 37*m + 12. Determine g(13).
-131
Let h(o) = 8*o + 13. Calculate h(1).
21
Let b(r) = r**3 + 8*r**2 + 13*r + 53. Give b(-7).
11
Let l(i) = 2*i**2 + 217*i + 1159. Calculate l(-103).
26
Let a(c) = 167*c + 854. What is a(-6)?
-148
Let v(i) = -3*i**3 + 49*i**2 - 145*i + 195. What is v(13)?
0
Let t(c) = c**2 - 39*c + 297. Calculate t(24).
-63
Let g(u) = -u**3 - 267*u**2 - 1314*u - 1040. Determine g(-262).
8
Let m(z) = -4*z**3 - 13*z**2 - 24*z + 13. Calculate m(-3).
76
Let v(m) = 940*m - 35724. Give v(38).
-4
Let j(u) = 4*u**3 + 57*u**2 - 223. Give j(-14).
-27
Let o(n) = -87*n**2 - 24*n + 54. Determine o(2).
-342
Let v(s) = -158*s + 19899. What is v(126)?
-9
Let s(p) = -p**2 + 16*p - 353. What is s(27)?
-650
Let s(t) = t**3 - 99*t**2 + 192*t + 233. Give s(97).
39
Let p(i) = -25*i**3 + 2*i**2 + 23*i - 44. Calculate p(2).
-190
Let q(g) = -36*g - 832. Calculate q(-22).
-40
Let j(u) = u**3 - 2*u**2 - 9*u + 5. Determine j(-3).
-13
Let s(y) = 24*y**2 - 22*y - 77. Give s(-3).
205
Let t(x) = -6*x**2 - 1029*x + 2618. Calculate t(-174).
8
Let t(r) = 245*r - 968. Calculate t(4).
12
Let t(w) = 62*w - 167. Give t(-6).
-539
Let v(s) = -2*s**3 + 35*s**2 - 5*s - 193. What is v(17)?
11
Let w(m) = m**3 + 11*m**2 + 2*m + 20. Determine w(-11).
-2
Let k(f) = 796*f + 22319. Determine k(-28).
31
Let k(c) = c**3 + 12*c**2 + 60*c + 143. What is k(-6)?
-1
Let t(y) = -136*y + 3057. What is t(22)?
65
Let x(o) = -3*o**2 + 64*o - 64. Determine x(20).
16
Let g(r) = -r**3 + 72*r**2 + 79*r - 440. Determine g(73).
-2
Let g(k) = 4*k**2 + 301*k + 73. Give g(-75).
-2
Let z(b) = 7*b**2 - 61*b + 3. Determine z(10).
93
Let h(r) = r**3 + 12*r**2 - 36*r - 77. Give h(-14).
35
Let c(t) = -173*t + 865. What is c(5)?
0
Let d(w) = w**3 - 121*w**2 + 2539*w - 86. Give d(94).
8
Let q(y) = 4*y**3 + 5*y**2 - 14*y + 4. Determine q(3).
115
Let l(c) = -c**3 - 18*c**2 + 31*c + 99. Calculate l(-21).
771
Let z(f) = 4*f**2 + 16*f - 11. Give z(4).
117
Let j(y) = -312*y - 4355. What is j(-14)?
13
Let o(x) = 2*x**3 + 4*x**2 +